{"id":2,"date":"2014-01-15T19:33:50","date_gmt":"2014-01-15T18:33:50","guid":{"rendered":"http:\/\/localhost\/wordpress-3.8\/wordpress\/?page_id=2"},"modified":"2020-05-26T09:49:11","modified_gmt":"2020-05-26T08:49:11","slug":"sample-page","status":"publish","type":"page","link":"https:\/\/giganet.co.at\/wordpress\/sample-page\/","title":{"rendered":"Willkommen bei GiGaNet"},"content":{"rendered":"<p><b><a href=\"https:\/\/giganet.co.at\/wordpress\/wp-content\/uploads\/2014\/05\/foto-webcam-tux.jpg\" ><img decoding=\"async\" loading=\"lazy\" class=\"size-medium wp-image-220 alignnone\" src=\"https:\/\/giganet.co.at\/wordpress\/wp-content\/uploads\/2014\/05\/foto-webcam-tux-300x132.jpg\" alt=\"\" width=\"300\" height=\"132\" srcset=\"https:\/\/giganet.co.at\/wordpress\/wp-content\/uploads\/2014\/05\/foto-webcam-tux-300x132.jpg 300w, https:\/\/giganet.co.at\/wordpress\/wp-content\/uploads\/2014\/05\/foto-webcam-tux-768x337.jpg 768w, https:\/\/giganet.co.at\/wordpress\/wp-content\/uploads\/2014\/05\/foto-webcam-tux-1024x450.jpg 1024w, https:\/\/giganet.co.at\/wordpress\/wp-content\/uploads\/2014\/05\/foto-webcam-tux.jpg 1197w\" sizes=\"(max-width: 300px) 100vw, 300px\" \/><\/a>\u00a0<\/b><\/p>\n<p>&nbsp;<\/p>\n<p>&nbsp;<\/p>\n<blockquote><p>GiGaNet.at\u00a0ist ein auf Remote Access und Security-L\u00f6sungen spezialisierter \u00f6sterreichischer ISP.<\/p><\/blockquote>\n<p>Unser Schwerpunkt liegt dabei auf lokale ISP, professionellen Remote Access- und Security-L\u00f6sungen f\u00fcr Unternehmen jeder Gr\u00f6\u00dfenordnung. Unsere Partner unterst\u00fctzen wir weitreichend von der Planungs- und Angebotsphase bis zur Implementierung, Installation und laufenden Wartung.<\/p>\n<p>Unser sorgf\u00e4ltig ausgew\u00e4hltes Portfolio reicht von leistungsf\u00e4higen Routern \u00fcber konventionelle Firewalls bis hin zu Unified Threat Management Gateways (UTM) zur Abwehr eines breiten Spektrums von Gefahren und Angriffen aus dem Internet.<\/p>\n<p>Dazu geh\u00f6ren auch professionelle Mail-Security L\u00f6sungen wie zur Abwehr von SPAM und email-Sch\u00e4dlingen sowie zur sicheren email-Verschl\u00fcsselung, WEB-\/Content-Filter (am Gateway und serverbasierend) sowie VPN-L\u00f6sungen (sowohl IPSec- als auch SSL-basierend) sowie L\u00f6sungen zur sicheren Authentisierung (einmal g\u00fcltige Passworte).<\/p>\n<p>Ger\u00e4te zur Bandbreitenoptimierung, zur Sicherung der QoS und zur Applikationsbeschleunigung \/-optimierung (Application Acceleration) runden diesen Themenkreis ab.<\/p>\n<p>Komplettiert wird unser Angebot durch professionelle WLAN-Produkte f\u00fcr den In- und Outdooreinsatz und L\u00f6sungen zur physikalischen Serverraum\u00fcberwachung.<\/p>\n","protected":false},"excerpt":{"rendered":"<p>\u00a0 &nbsp; &nbsp; GiGaNet.at\u00a0ist ein auf Remote Access und Security-L\u00f6sungen spezialisierter \u00f6sterreichischer ISP. Unser Schwerpunkt liegt dabei auf lokale ISP, professionellen Remote Access- und Security-L\u00f6sungen f\u00fcr Unternehmen jeder Gr\u00f6\u00dfenordnung. Unsere Partner unterst\u00fctzen wir weitreichend von der Planungs- und Angebotsphase bis zur Implementierung, Installation und laufenden Wartung. Unser sorgf\u00e4ltig ausgew\u00e4hltes Portfolio reicht von leistungsf\u00e4higen Routern \u00fcber [&hellip;]<\/p>\n","protected":false},"author":1,"featured_media":223,"parent":0,"menu_order":0,"comment_status":"closed","ping_status":"closed","template":"","meta":[],"_links":{"self":[{"href":"https:\/\/giganet.co.at\/wordpress\/wp-json\/wp\/v2\/pages\/2"}],"collection":[{"href":"https:\/\/giganet.co.at\/wordpress\/wp-json\/wp\/v2\/pages"}],"about":[{"href":"https:\/\/giganet.co.at\/wordpress\/wp-json\/wp\/v2\/types\/page"}],"author":[{"embeddable":true,"href":"https:\/\/giganet.co.at\/wordpress\/wp-json\/wp\/v2\/users\/1"}],"replies":[{"embeddable":true,"href":"https:\/\/giganet.co.at\/wordpress\/wp-json\/wp\/v2\/comments?post=2"}],"version-history":[{"count":13,"href":"https:\/\/giganet.co.at\/wordpress\/wp-json\/wp\/v2\/pages\/2\/revisions"}],"predecessor-version":[{"id":232,"href":"https:\/\/giganet.co.at\/wordpress\/wp-json\/wp\/v2\/pages\/2\/revisions\/232"}],"wp:featuredmedia":[{"embeddable":true,"href":"https:\/\/giganet.co.at\/wordpress\/wp-json\/wp\/v2\/media\/223"}],"wp:attachment":[{"href":"https:\/\/giganet.co.at\/wordpress\/wp-json\/wp\/v2\/media?parent=2"}],"curies":[{"name":"wp","href":"https:\/\/api.w.org\/{rel}","templated":true}]}}